{"id":5656739,"date":"2025-06-23T11:17:07","date_gmt":"2025-06-23T09:17:07","guid":{"rendered":"https:\/\/temax.pl\/?page_id=5656739"},"modified":"2025-10-13T09:00:40","modified_gmt":"2025-10-13T07:00:40","slug":"cienkie-rurki","status":"publish","type":"page","link":"https:\/\/temax.pl\/index.php\/cienkie-rurki\/","title":{"rendered":"Cienkie rurki plastikowe"},"content":{"rendered":"[vc_row full_width=&#8221;stretch_row&#8221; use_through_lines=&#8221;1&#8243; css=&#8221;.vc_custom_1507633330521{background-color: #f5fafd !important;}&#8221;][vc_column][vc_empty_space height=&#8221;160px&#8221; el_class=&#8221;norebro-phone-space&#8221;][\/vc_column][\/vc_row][vc_row full_width=&#8221;stretch_row&#8221; use_through_lines=&#8221;1&#8243; css=&#8221;.vc_custom_1607691061418{background-color: #f5fafd !important;}&#8221; side_background_title=&#8221;\/profile i rury&#8221; side_background_title_color=&#8221;#ebeff4&#8243; side_background_title_typo=&#8221;font_size~80||letter_spacing~-1||weight~600&#8243; el_class=&#8221;nor-top-layer&#8221;][vc_column el_class=&#8221;nrb-recent-projects&#8221;]<div class=\"norebro-heading-sc heading text-left\"\n\tid=\"norebro-custom-69dffc070a527\" \n\t \n\t>\n\t\n\t\t\t<p class=\"subtitle\">\n\t\t\t\t\t<\/p>\n\t\n\t\n\t<h3 class=\"title subtitle-top\">\n\t\tCienkie rurki PS\t<\/h3>\n\n\t\n\t\t\n<\/div><div data-norebro-portfolio-grid=\"true\"\n\tid=\"norebro-custom-69dffc070d6b7\"\n\tclass=\"norebro-recent-projects-sc\"\n\t\t>\n\n\t\t\t\t\t<div class=\"portfolio-sorting text-left\" data-filter=\"portfolio\">\n\t\t\t<ul class=\"unstyled\">\n\t\t\t\t<li>\n\t\t\t\t\t<a class=\"active\" href=\"#all\" data-isotope-filter=\"*\">\n\t\t\t\t\t\t<span class=\"name\">All<\/span>\n\t\t\t\t\t\t<span class=\"num\"><\/span>\n\t\t\t\t\t<\/a>\n\t\t\t\t<\/li>\n\t\t\t\t\t\t\t\t\t<li>\n\t\t\t\t\t\t<a href=\"#cienkie-rurki\" data-isotope-filter=\".norebro-filter-project-731581ab66c734abd7c4f736c357987a\">\n\t\t\t\t\t\t\t<span class=\"name\">Cienkie rurki<\/span>\n\t\t\t\t\t\t\t<span class=\"num\"><\/span>\n\t\t\t\t\t\t<\/a>\n\t\t\t\t\t<\/li>\n\t\t\t\t\t\t\t<\/ul>\n\t\t<\/div>\n\t\t\t\n\t\n\t<div class=\"vc_row  with-sorting\" data-isotope-grid=\"true\" data-lazy-container=\"projects\">\n\n\t\t\n\t\t\t\t<div class=\"portfolio-item-wrap masonry-block grid-item vc_col-lg-4 norebro-project-item norebro-filter-project-731581ab66c734abd7c4f736c357987a norebro-filter-project-6f158412c63415778d714a3d82bdfcac\" data-lazy-item=\"\" data-lazy-scope=\"projects\"><div data-aos-once=\"true\" data-aos=\"fade-up\" data-aos-delay=\"0\">\n<div class=\"portfolio-item grid-1\">\n\t<a href=\"https:\/\/temax.pl\/index.php\/project\/rurki-pe-do-aplikatorow-do-pianek\/\">\n\t\t<div class=\"image-wrap\"\n\t\t>\n\t\t\t\t\t\t\t<img src=\"https:\/\/temax.pl\/wp-content\/uploads\/2020\/12\/rurki-PE-do-aplikatorow-do-pianek-768x512.jpg\" alt=\"Rurki PE do aplikator\u00f3w do pianek\">\n\t\t\t\t\t<\/div>\n\t\t<div class=\"description overlay\">\n\t\t\t<div class=\"content-center\">\n\t\t\t\t<div class=\"wrap text-center\">\n\n\t\t\t\t\t\t\t\t\t\t\t\t\t\t\t\t\t\t\t\t\t\t\t\t\t\t\t\t\t<span class=\"category\">Cienkie rurki<\/span>\n\t\t\t\t\t\t\t\t\t\t\t\t\t<span class=\"category\">Profile i rury<\/span>\n\t\t\t\t\t\t\t\t\t\t\t\t\t\t\t\t\t\t\t\t\t\n\t\t\t\t\t<h4 class=\"title\">Rurki PE do aplikator\u00f3w do pianek<\/h4>\n\t\t\t\t\t\t\t\t\t\t<div class=\"more brand-color\">\n\t\t\t\t\t\t<span class=\"ion-ios-plus-empty\"><\/span>\n\t\t\t\t\t<\/div>\n\t\t\t\t\t\t\t\t\t<\/div>\n\t\t\t<\/div>\n\t\t<\/div>\n\t<\/a>\n<\/div>\n\n<\/div>\t\t\t<div class=\"clear\"><\/div>\n\t\t<\/div>\n\t\t\t<div class=\"portfolio-item-wrap masonry-block grid-item vc_col-lg-4 norebro-project-item norebro-filter-project-467c5360ca7db882ebf0c50309edb32d norebro-filter-project-731581ab66c734abd7c4f736c357987a norebro-filter-project-dcdfcb3cb808eb80a8499076c678050e norebro-filter-project-6f158412c63415778d714a3d82bdfcac\" data-lazy-item=\"\" data-lazy-scope=\"projects\"><div data-aos-once=\"true\" data-aos=\"fade-up\" data-aos-delay=\"100\">\n<div class=\"portfolio-item grid-1\">\n\t<a href=\"https:\/\/temax.pl\/index.php\/project\/fiszbin-rurka-ps-fi-45-x-1-mm\/\">\n\t\t<div class=\"image-wrap\"\n\t\t>\n\t\t\t\t\t\t\t<img src=\"https:\/\/temax.pl\/wp-content\/uploads\/2020\/12\/fiszbina-rurka-PS-fi-45-x-1-mm-768x512.jpg\" alt=\"fiszbin rurka\u00a0 PS\u00a0 fi 4,5 x 1 mm\">\n\t\t\t\t\t<\/div>\n\t\t<div class=\"description overlay\">\n\t\t\t<div class=\"content-center\">\n\t\t\t\t<div class=\"wrap text-center\">\n\n\t\t\t\t\t\t\t\t\t\t\t\t\t\t\t\t\t\t\t\t\t\t\t\t\t\t\t\t\t<span class=\"category\">Akcesoria do rolet i \u017caluzji<\/span>\n\t\t\t\t\t\t\t\t\t\t\t\t\t<span class=\"category\">Cienkie rurki<\/span>\n\t\t\t\t\t\t\t\t\t\t\t\t\t<span class=\"category\">Fiszbiny<\/span>\n\t\t\t\t\t\t\t\t\t\t\t\t\t<span class=\"category\">Profile i rury<\/span>\n\t\t\t\t\t\t\t\t\t\t\t\t\t\t\t\t\t\t\t\t\t\n\t\t\t\t\t<h4 class=\"title\">fiszbin rurka\u00a0 PS\u00a0 fi 4,5 x 1 mm<\/h4>\n\t\t\t\t\t\t\t\t\t\t<div class=\"more brand-color\">\n\t\t\t\t\t\t<span class=\"ion-ios-plus-empty\"><\/span>\n\t\t\t\t\t<\/div>\n\t\t\t\t\t\t\t\t\t<\/div>\n\t\t\t<\/div>\n\t\t<\/div>\n\t<\/a>\n<\/div>\n\n<\/div>\t\t\t<div class=\"clear\"><\/div>\n\t\t<\/div>\n\t\t\t<div class=\"portfolio-item-wrap masonry-block grid-item vc_col-lg-4 norebro-project-item norebro-filter-project-467c5360ca7db882ebf0c50309edb32d norebro-filter-project-731581ab66c734abd7c4f736c357987a norebro-filter-project-dcdfcb3cb808eb80a8499076c678050e norebro-filter-project-6f158412c63415778d714a3d82bdfcac\" data-lazy-item=\"\" data-lazy-scope=\"projects\"><div data-aos-once=\"true\" data-aos=\"fade-up\" data-aos-delay=\"250\">\n<div class=\"portfolio-item grid-1\">\n\t<a href=\"https:\/\/temax.pl\/index.php\/project\/fiszbin-rurka-ps-fi-45-x-125-mm\/\">\n\t\t<div class=\"image-wrap\"\n\t\t>\n\t\t\t\t\t\t\t<img src=\"https:\/\/temax.pl\/wp-content\/uploads\/2020\/12\/fiszbina-rurka-PS-fi-45-mm-768x512.jpg\" alt=\"fiszbin rurka\u00a0 PS\u00a0 fi 4,5 x 1,25 mm\">\n\t\t\t\t\t<\/div>\n\t\t<div class=\"description overlay\">\n\t\t\t<div class=\"content-center\">\n\t\t\t\t<div class=\"wrap text-center\">\n\n\t\t\t\t\t\t\t\t\t\t\t\t\t\t\t\t\t\t\t\t\t\t\t\t\t\t\t\t\t<span class=\"category\">Akcesoria do rolet i \u017caluzji<\/span>\n\t\t\t\t\t\t\t\t\t\t\t\t\t<span class=\"category\">Cienkie rurki<\/span>\n\t\t\t\t\t\t\t\t\t\t\t\t\t<span class=\"category\">Fiszbiny<\/span>\n\t\t\t\t\t\t\t\t\t\t\t\t\t<span class=\"category\">Profile i rury<\/span>\n\t\t\t\t\t\t\t\t\t\t\t\t\t\t\t\t\t\t\t\t\t\n\t\t\t\t\t<h4 class=\"title\">fiszbin rurka\u00a0 PS\u00a0 fi 4,5 x 1,25 mm<\/h4>\n\t\t\t\t\t\t\t\t\t\t<div class=\"more brand-color\">\n\t\t\t\t\t\t<span class=\"ion-ios-plus-empty\"><\/span>\n\t\t\t\t\t<\/div>\n\t\t\t\t\t\t\t\t\t<\/div>\n\t\t\t<\/div>\n\t\t<\/div>\n\t<\/a>\n<\/div>\n\n<\/div>\t\t\t<div class=\"clear\"><\/div>\n\t\t<\/div>\n\t\t\t<div class=\"portfolio-item-wrap masonry-block grid-item vc_col-lg-4 norebro-project-item norebro-filter-project-467c5360ca7db882ebf0c50309edb32d norebro-filter-project-731581ab66c734abd7c4f736c357987a norebro-filter-project-dcdfcb3cb808eb80a8499076c678050e norebro-filter-project-6f158412c63415778d714a3d82bdfcac\" data-lazy-item=\"\" data-lazy-scope=\"projects\"><div data-aos-once=\"true\" data-aos=\"fade-up\" data-aos-delay=\"0\">\n<div class=\"portfolio-item grid-1\">\n\t<a href=\"https:\/\/temax.pl\/index.php\/project\/fiszbina-pcw-owal\/\">\n\t\t<div class=\"image-wrap\"\n\t\t>\n\t\t\t\t\t\t\t<img src=\"https:\/\/temax.pl\/wp-content\/uploads\/2020\/12\/fiszbina-PCW-owal--768x512.jpg\" alt=\"fiszbin PCW owal fi 12 x 5 mm\">\n\t\t\t\t\t<\/div>\n\t\t<div class=\"description overlay\">\n\t\t\t<div class=\"content-center\">\n\t\t\t\t<div class=\"wrap text-center\">\n\n\t\t\t\t\t\t\t\t\t\t\t\t\t\t\t\t\t\t\t\t\t\t\t\t\t\t\t\t\t<span class=\"category\">Akcesoria do rolet i \u017caluzji<\/span>\n\t\t\t\t\t\t\t\t\t\t\t\t\t<span class=\"category\">Cienkie rurki<\/span>\n\t\t\t\t\t\t\t\t\t\t\t\t\t<span class=\"category\">Fiszbiny<\/span>\n\t\t\t\t\t\t\t\t\t\t\t\t\t<span class=\"category\">Profile i rury<\/span>\n\t\t\t\t\t\t\t\t\t\t\t\t\t\t\t\t\t\t\t\t\t\n\t\t\t\t\t<h4 class=\"title\">fiszbin PCW owal fi 12 x 5 mm<\/h4>\n\t\t\t\t\t\t\t\t\t\t<div class=\"more brand-color\">\n\t\t\t\t\t\t<span class=\"ion-ios-plus-empty\"><\/span>\n\t\t\t\t\t<\/div>\n\t\t\t\t\t\t\t\t\t<\/div>\n\t\t\t<\/div>\n\t\t<\/div>\n\t<\/a>\n<\/div>\n\n<\/div>\t\t\t<div class=\"clear\"><\/div>\n\t\t<\/div>\n\t\t<\/div>\n\n\t\n<\/div>\n[\/vc_column][\/vc_row][vc_row full_width=&#8221;stretch_row&#8221; use_through_lines=&#8221;1&#8243;][vc_column][vc_empty_space height=&#8221;250px&#8221; el_class=&#8221;norebro-phone-space&#8221;][\/vc_column][\/vc_row][vc_row][vc_column][vc_column_text]Cienkie rurki plastikowe oferowane przez Temax to wysokiej jako\u015bci komponenty wykonane z polistyrenu (PS), charakteryzuj\u0105ce si\u0119 lekko\u015bci\u0105 i wytrzyma\u0142o\u015bci\u0105. Znajduj\u0105 zastosowanie w r\u00f3\u017cnych bran\u017cach. W tej kategorii dost\u0119pne s\u0105 rurki o zr\u00f3\u017cnicowanych \u015brednicach, umo\u017cliwiaj\u0105ce dopasowanie do specyfiki projektu.<\/p>\n<h1>Cienkie rurki plastikowe<\/h1>\n<p>Cienkie rurki PS to doskona\u0142e rozwi\u0105zanie w miejscach, gdzie liczy si\u0119 niska waga, sztywno\u015b\u0107 oraz odporno\u015b\u0107 na odkszta\u0142cenia. Rurki te s\u0105 cz\u0119sto wykorzystywane jako wk\u0142ady usztywniaj\u0105ce, elementy konstrukcyjne w lekkich mechanizmach. W ofercie znajduj\u0105 si\u0119 m.in.:<\/p>\n<ul>\n<li>Fiszbin rurka PS fi 4,5 x 1 mm<\/li>\n<li>Fiszbin rurka PS fi 4,5 x 1,25 mm<\/li>\n<li>Fiszbin rurka PS fi 6 x 1,8 mm<\/li>\n<\/ul>\n<p>Ka\u017cdy wariant mo\u017ce by\u0107 dostarczony w formie standardowej lub doci\u0119ty na wymiar, w zale\u017cno\u015bci od potrzeb klienta.<\/p>\n<h2>Rurka obci\u0105\u017caj\u0105ca do rolety<\/h2>\n<p>Jednym z popularnych zastosowa\u0144 cienkich rurek PS jest ich funkcja jako rurka obci\u0105\u017caj\u0105ca do rolety wewn\u0119trznych i rolet rzymskich. Tego typu rurki wykorzystywane s\u0105 jako element stabilizuj\u0105cy dolny brzeg rolety, umo\u017cliwiaj\u0105cy jej r\u00f3wne rozwijanie si\u0119 i estetyczne uk\u0142adanie. Ich lekka, ale wystarczaj\u0105co sztywna konstrukcja zapewnia trwa\u0142o\u015b\u0107 i funkcjonalno\u015b\u0107, bez nadmiernego obci\u0105\u017cania mechanizmu rolety. Dzi\u0119ki mo\u017cliwo\u015bci produkcji w r\u00f3\u017cnych \u015brednicach, mo\u017cna je dopasowa\u0107 do wi\u0119kszo\u015bci dost\u0119pnych system\u00f3w os\u0142on okiennych.<\/p>\n<h3>Cienkie rurki \u2013 uniwersalno\u015b\u0107 i trwa\u0142o\u015b\u0107 plastikowych pr\u0119t\u00f3w<\/h3>\n<p>Oferowane cienkie rurki stanowi\u0105 uniwersalny komponent o szerokim spektrum zastosowa\u0144. Od technicznych projekt\u00f3w, przez wyposa\u017cenie wn\u0119trz, a\u017c po produkcj\u0119 reklamow\u0105 \u2013 ich w\u0142a\u015bciwo\u015bci materia\u0142owe pozwalaj\u0105 na zastosowanie w wielu dziedzinach. \u0141atwo\u015b\u0107 obr\u00f3bki, niska masa, \u017ce s\u0105 to produkty cenione zar\u00f3wno przez projektant\u00f3w, jak i producent\u00f3w.<\/p>\n<p>Sprawd\u017a r\u00f3wnie\u017c: <a href=\"https:\/\/temax.pl\/index.php\/profile-i-rury\/\">rurki plastikowe<\/a><\/p>\n<h3>Rurki plastikowe przezroczyste \u2013 praktyczne sposoby na domowe zastosowanie<\/h3>\n<p>Cienkie, przezroczyste rurki plastikowe s\u0105 bardzo uniwersalne i mo\u017cna je wykorzysta\u0107 na wiele sposob\u00f3w w codziennym u\u017cytkowaniu. \u015awietnie sprawdz\u0105 si\u0119 przy podlewaniu ro\u015blin, pozwalaj\u0105c precyzyjnie dostarczy\u0107 wod\u0119 tam, gdzie jest potrzebna. Mog\u0105 te\u017c znale\u017a\u0107 zastosowanie przy akwariach, u\u0142atwiaj\u0105c kontrol\u0119 przep\u0142ywu wody i utrzymanie porz\u0105dku w systemach filtracyjnych. Poza tym, rurki te mo\u017cna u\u017cy\u0107 w r\u00f3\u017cnego rodzaju projektach DIY czy drobnych naprawach, gdzie wymagana jest elastyczno\u015b\u0107 i przezroczysto\u015b\u0107 materia\u0142u. Dzi\u0119ki nim nawet proste zadania staj\u0105 si\u0119 bardziej praktyczne i wygodne w codziennym u\u017cytkowaniu.<\/p>\n[\/vc_column_text][vc_separator][\/vc_column][\/vc_row][vc_row][vc_column][\/vc_column][\/vc_row]\n","protected":false},"excerpt":{"rendered":"<p>[vc_row full_width=&#8221;stretch_row&#8221; use_through_lines=&#8221;1&#8243; css=&#8221;.vc_custom_1507633330521{background-color: #f5fafd !important;}&#8221;][vc_column][vc_empty_space height=&#8221;160px&#8221; el_class=&#8221;norebro-phone-space&#8221;][\/vc_column][\/vc_row][vc_row full_width=&#8221;stretch_row&#8221; use_through_lines=&#8221;1&#8243; css=&#8221;.vc_custom_1607691061418{background-color: #f5fafd !important;}&#8221; side_background_title=&#8221;\/profile&#8230;<\/p>\n","protected":false},"author":1,"featured_media":0,"parent":0,"menu_order":0,"comment_status":"closed","ping_status":"closed","template":"","meta":[],"yoast_head":"<!-- This site is optimized with the Yoast SEO plugin v19.3 - https:\/\/yoast.com\/wordpress\/plugins\/seo\/ -->\n<title>Cienkie rurki plastikowe | temax.pl<\/title>\n<meta name=\"description\" content=\"Szukasz trwa\u0142ych i lekkich element\u00f3w? Cienkie rurki od Temax spe\u0142ni\u0105 Twoje oczekiwania. Sprawd\u017a dost\u0119pne warianty i kup teraz!\" \/>\n<meta name=\"robots\" content=\"index, follow, max-snippet:-1, max-image-preview:large, max-video-preview:-1\" \/>\n<link rel=\"canonical\" href=\"https:\/\/temax.pl\/index.php\/cienkie-rurki\/\" \/>\n<meta property=\"og:locale\" content=\"pl_PL\" \/>\n<meta property=\"og:type\" content=\"article\" \/>\n<meta property=\"og:title\" content=\"Cienkie rurki plastikowe | temax.pl\" \/>\n<meta property=\"og:description\" content=\"Szukasz trwa\u0142ych i lekkich element\u00f3w? Cienkie rurki od Temax spe\u0142ni\u0105 Twoje oczekiwania. Sprawd\u017a dost\u0119pne warianty i kup teraz!\" \/>\n<meta property=\"og:url\" content=\"https:\/\/temax.pl\/index.php\/cienkie-rurki\/\" \/>\n<meta property=\"og:site_name\" content=\"Temax\" \/>\n<meta property=\"article:modified_time\" content=\"2025-10-13T07:00:40+00:00\" \/>\n<meta name=\"twitter:card\" content=\"summary_large_image\" \/>\n<meta name=\"twitter:label1\" content=\"Szacowany czas czytania\" \/>\n\t<meta name=\"twitter:data1\" content=\"3 minuty\" \/>\n<script type=\"application\/ld+json\" class=\"yoast-schema-graph\">{\"@context\":\"https:\/\/schema.org\",\"@graph\":[{\"@type\":\"WebSite\",\"@id\":\"https:\/\/temax.pl\/#website\",\"url\":\"https:\/\/temax.pl\/\",\"name\":\"Temax\",\"description\":\"Produkujemy mi\u0119dzy innymi rury o \u015brednicach od 1 do 80 mm, listwy cenowe, listwy plakatowe, profile, cz\u0119\u015bci samochodowe, artyku\u0142y reklamowe oraz artyku\u0142y gospodarstwa domowego.\",\"potentialAction\":[{\"@type\":\"SearchAction\",\"target\":{\"@type\":\"EntryPoint\",\"urlTemplate\":\"https:\/\/temax.pl\/?s={search_term_string}\"},\"query-input\":\"required name=search_term_string\"}],\"inLanguage\":\"pl-PL\"},{\"@type\":\"WebPage\",\"@id\":\"https:\/\/temax.pl\/index.php\/cienkie-rurki\/\",\"url\":\"https:\/\/temax.pl\/index.php\/cienkie-rurki\/\",\"name\":\"Cienkie rurki plastikowe | temax.pl\",\"isPartOf\":{\"@id\":\"https:\/\/temax.pl\/#website\"},\"datePublished\":\"2025-06-23T09:17:07+00:00\",\"dateModified\":\"2025-10-13T07:00:40+00:00\",\"description\":\"Szukasz trwa\u0142ych i lekkich element\u00f3w? Cienkie rurki od Temax spe\u0142ni\u0105 Twoje oczekiwania. Sprawd\u017a dost\u0119pne warianty i kup teraz!\",\"breadcrumb\":{\"@id\":\"https:\/\/temax.pl\/index.php\/cienkie-rurki\/#breadcrumb\"},\"inLanguage\":\"pl-PL\",\"potentialAction\":[{\"@type\":\"ReadAction\",\"target\":[\"https:\/\/temax.pl\/index.php\/cienkie-rurki\/\"]}]},{\"@type\":\"BreadcrumbList\",\"@id\":\"https:\/\/temax.pl\/index.php\/cienkie-rurki\/#breadcrumb\",\"itemListElement\":[{\"@type\":\"ListItem\",\"position\":1,\"name\":\"Strona g\u0142\u00f3wna\",\"item\":\"https:\/\/temax.pl\/\"},{\"@type\":\"ListItem\",\"position\":2,\"name\":\"Cienkie rurki plastikowe\"}]}]}<\/script>\n<!-- \/ Yoast SEO plugin. -->","yoast_head_json":{"title":"Cienkie rurki plastikowe | temax.pl","description":"Szukasz trwa\u0142ych i lekkich element\u00f3w? Cienkie rurki od Temax spe\u0142ni\u0105 Twoje oczekiwania. Sprawd\u017a dost\u0119pne warianty i kup teraz!","robots":{"index":"index","follow":"follow","max-snippet":"max-snippet:-1","max-image-preview":"max-image-preview:large","max-video-preview":"max-video-preview:-1"},"canonical":"https:\/\/temax.pl\/index.php\/cienkie-rurki\/","og_locale":"pl_PL","og_type":"article","og_title":"Cienkie rurki plastikowe | temax.pl","og_description":"Szukasz trwa\u0142ych i lekkich element\u00f3w? Cienkie rurki od Temax spe\u0142ni\u0105 Twoje oczekiwania. Sprawd\u017a dost\u0119pne warianty i kup teraz!","og_url":"https:\/\/temax.pl\/index.php\/cienkie-rurki\/","og_site_name":"Temax","article_modified_time":"2025-10-13T07:00:40+00:00","twitter_card":"summary_large_image","twitter_misc":{"Szacowany czas czytania":"3 minuty"},"schema":{"@context":"https:\/\/schema.org","@graph":[{"@type":"WebSite","@id":"https:\/\/temax.pl\/#website","url":"https:\/\/temax.pl\/","name":"Temax","description":"Produkujemy mi\u0119dzy innymi rury o \u015brednicach od 1 do 80 mm, listwy cenowe, listwy plakatowe, profile, cz\u0119\u015bci samochodowe, artyku\u0142y reklamowe oraz artyku\u0142y gospodarstwa domowego.","potentialAction":[{"@type":"SearchAction","target":{"@type":"EntryPoint","urlTemplate":"https:\/\/temax.pl\/?s={search_term_string}"},"query-input":"required name=search_term_string"}],"inLanguage":"pl-PL"},{"@type":"WebPage","@id":"https:\/\/temax.pl\/index.php\/cienkie-rurki\/","url":"https:\/\/temax.pl\/index.php\/cienkie-rurki\/","name":"Cienkie rurki plastikowe | temax.pl","isPartOf":{"@id":"https:\/\/temax.pl\/#website"},"datePublished":"2025-06-23T09:17:07+00:00","dateModified":"2025-10-13T07:00:40+00:00","description":"Szukasz trwa\u0142ych i lekkich element\u00f3w? Cienkie rurki od Temax spe\u0142ni\u0105 Twoje oczekiwania. Sprawd\u017a dost\u0119pne warianty i kup teraz!","breadcrumb":{"@id":"https:\/\/temax.pl\/index.php\/cienkie-rurki\/#breadcrumb"},"inLanguage":"pl-PL","potentialAction":[{"@type":"ReadAction","target":["https:\/\/temax.pl\/index.php\/cienkie-rurki\/"]}]},{"@type":"BreadcrumbList","@id":"https:\/\/temax.pl\/index.php\/cienkie-rurki\/#breadcrumb","itemListElement":[{"@type":"ListItem","position":1,"name":"Strona g\u0142\u00f3wna","item":"https:\/\/temax.pl\/"},{"@type":"ListItem","position":2,"name":"Cienkie rurki plastikowe"}]}]}},"_links":{"self":[{"href":"https:\/\/temax.pl\/index.php\/wp-json\/wp\/v2\/pages\/5656739"}],"collection":[{"href":"https:\/\/temax.pl\/index.php\/wp-json\/wp\/v2\/pages"}],"about":[{"href":"https:\/\/temax.pl\/index.php\/wp-json\/wp\/v2\/types\/page"}],"author":[{"embeddable":true,"href":"https:\/\/temax.pl\/index.php\/wp-json\/wp\/v2\/users\/1"}],"replies":[{"embeddable":true,"href":"https:\/\/temax.pl\/index.php\/wp-json\/wp\/v2\/comments?post=5656739"}],"version-history":[{"count":9,"href":"https:\/\/temax.pl\/index.php\/wp-json\/wp\/v2\/pages\/5656739\/revisions"}],"predecessor-version":[{"id":5656760,"href":"https:\/\/temax.pl\/index.php\/wp-json\/wp\/v2\/pages\/5656739\/revisions\/5656760"}],"wp:attachment":[{"href":"https:\/\/temax.pl\/index.php\/wp-json\/wp\/v2\/media?parent=5656739"}],"curies":[{"name":"wp","href":"https:\/\/api.w.org\/{rel}","templated":true}]}}